{"id":31342,"date":"2025-09-27T14:08:30","date_gmt":"2025-09-27T13:08:30","guid":{"rendered":"https:\/\/cricoekszer.hu\/?page_id=31342"},"modified":"2025-12-03T11:17:24","modified_gmt":"2025-12-03T10:17:24","slug":"crico-mocca","status":"publish","type":"page","link":"https:\/\/cricoekszer.hu\/index.php\/crico-mocca\/","title":{"rendered":"Crico Mocca"},"content":{"rendered":"<p>[et_pb_section fb_built=&#8221;1&#8243; admin_label=&#8221;section&#8221; _builder_version=&#8221;4.27.4&#8243; background_color=&#8221;#FFFFFF&#8221; custom_padding=&#8221;||||false|false&#8221; transparent_background=&#8221;on&#8221; make_fullwidth=&#8221;off&#8221; use_custom_width=&#8221;off&#8221; width_unit=&#8221;off&#8221; custom_width_px=&#8221;1080px&#8221; custom_width_percent=&#8221;80%&#8221; locked=&#8221;off&#8221; global_colors_info=&#8221;{}&#8221;][et_pb_row admin_label=&#8221;row&#8221; _builder_version=&#8221;4.27.4&#8243; background_size=&#8221;initial&#8221; background_position=&#8221;top_left&#8221; background_repeat=&#8221;repeat&#8221; custom_padding=&#8221;||||false|false&#8221; make_fullwidth=&#8221;off&#8221; use_custom_width=&#8221;off&#8221; width_unit=&#8221;off&#8221; custom_width_px=&#8221;1080px&#8221; custom_width_percent=&#8221;80%&#8221; global_colors_info=&#8221;{}&#8221;][et_pb_column type=&#8221;4_4&#8243; _builder_version=&#8221;4.16&#8243; custom_padding=&#8221;|||&#8221; global_colors_info=&#8221;{}&#8221; custom_padding__hover=&#8221;|||&#8221;][et_pb_heading title=&#8221;Crico Mocca&#8221; _builder_version=&#8221;4.27.4&#8243; _module_preset=&#8221;default&#8221; title_font=&#8221;|||on|||||&#8221; title_text_align=&#8221;center&#8221; title_text_color=&#8221;#0F4C5C&#8221; locked=&#8221;off&#8221; global_colors_info=&#8221;{}&#8221;][\/et_pb_heading][et_pb_text _builder_version=&#8221;4.27.4&#8243; text_text_color=&#8221;#000000&#8243; background_size=&#8221;initial&#8221; background_position=&#8221;top_left&#8221; background_repeat=&#8221;repeat&#8221; text_orientation=&#8221;justified&#8221; background_layout=&#8221;dark&#8221; use_border_color=&#8221;off&#8221; border_style=&#8221;solid&#8221; global_colors_info=&#8221;{}&#8221;]<\/p>\n<p data-start=\"193\" data-end=\"321\">Meleg f\u00f6ldsz\u00ednek \u00e9s modern elegancia \u2013 a <strong>Black, Smoke, Mocca kollekci\u00f3<\/strong> a karakteres, st\u00edlusos megjelen\u00e9s \u00faj dimenzi\u00f3j\u00e1t k\u00edn\u00e1lja.<\/p>\n<p data-start=\"323\" data-end=\"819\">Ezek a gy\u0171r\u0171k azoknak sz\u00f3lnak, akik szeretik a k\u00fcl\u00f6nleges, term\u00e9szetk\u00f6zeli \u00e1rnyalatokat, \u00e9s b\u00e1tran elt\u00e9rnek a hagyom\u00e1nyost\u00f3l. Minden darab <strong>alapja 14 kar\u00e1tos arany, amelyre a k\u00fcl\u00f6nleges d\u00edsz\u00edt\u00e9sek ker\u00fclnek<\/strong>.<br data-start=\"528\" data-end=\"531\" \/>A <strong>Mocca gy\u0171r\u0171k meleg, barna \u00e1rnyalat\u00e1t gondosan kezelt fel\u00fclet adja, amely nemcsak l\u00e1tv\u00e1nyos, hanem rendk\u00edv\u00fcl tart\u00f3s \u00e9s karc\u00e1ll\u00f3 is.<\/strong> Ez a fel\u00fcletkezel\u00e9s pr\u00e9mium \u00f3ragy\u00e1rt\u00e1sban, luxuscikkeken \u00e9s prec\u00edzi\u00f3s eszk\u00f6z\u00f6k\u00f6n is bizony\u00edtott, \u00edgy a Mocca d\u00edsz\u00edt\u00e9s hossz\u00fa t\u00e1von is meg\u0151rzi eleganci\u00e1j\u00e1t.<\/p>\n<p data-start=\"821\" data-end=\"1106\">A barna \u00e1rnyalat term\u00e9szetes, f\u00f6ldk\u00f6zeli hangulatot \u00e1raszt, amely egyszerre sug\u00e1roz melegs\u00e9get, kifinomults\u00e1got \u00e9s egyedi karaktert. A Mocca gy\u0171r\u0171k t\u00f6k\u00e9letes v\u00e1laszt\u00e1s azoknak, akik \u00e9rt\u00e9kelik a term\u00e9szetess\u00e9get \u00e9s szeretn\u00e9nek egy id\u0151t\u00e1ll\u00f3, k\u00fcl\u00f6nleges darabot, amely kiemeli st\u00edlusukat.<\/p>\n<p data-start=\"1108\" data-end=\"1431\">A kollekci\u00f3 egyik legnagyobb el\u0151nye, hogy a gy\u0171r\u0171p\u00e1rokat teljesen szabadon lehet kombin\u00e1lni. Egy f\u00e9rfi gy\u0171r\u0171 lehet fekete, sz\u00fcrke vagy barna d\u00edsz\u00edt\u00e9ses, m\u00edg a menyasszony gy\u0171r\u0171j\u00e9nek v\u00e1laszthat\u00f3 ak\u00e1r egy klasszikus gy\u00e9m\u00e1nt sork\u00f6ves darab is \u2013 \u00edgy minden p\u00e1r megtal\u00e1lhatja a saj\u00e1t st\u00edlus\u00e1hoz ill\u0151 harm\u00f3ni\u00e1t vagy izgalmas kontrasztot.<\/p>\n<p data-start=\"1433\" data-end=\"1711\">A Black, Smoke \u00e9s Mocca gy\u0171r\u0171k pr\u00e9mium min\u0151s\u00e9gben k\u00e9sz\u00fclnek, egyszerre sug\u00e1roznak modern er\u0151t, egyedis\u00e9get \u00e9s kifinomult st\u00edlust.<br data-start=\"1562\" data-end=\"1565\" \/>Ide\u00e1lis v\u00e1laszt\u00e1s mindazoknak, akik olyan karikagy\u0171r\u0171t keresnek, amely val\u00f3ban kifejezi szem\u00e9lyis\u00e9g\u00fcket \u00e9s k\u00fcl\u00f6nleges megjelen\u00e9s ir\u00e1nti ig\u00e9ny\u00fcket.<\/p>\n<p>[\/et_pb_text][et_pb_gallery gallery_ids=&#8221;31350,31351,31352,31353,31354,31356,31357&#8243; posts_number=&#8221;100&#8243; show_title_and_caption=&#8221;off&#8221; show_pagination=&#8221;off&#8221; hover_overlay_color=&#8221;RGBA(255,255,255,0)&#8221; hover_icon=&#8221;&#x54;||divi||400&#8243; _builder_version=&#8221;4.27.4&#8243; _module_preset=&#8221;default&#8221; locked=&#8221;off&#8221; global_colors_info=&#8221;{}&#8221;][\/et_pb_gallery][\/et_pb_column][\/et_pb_row][\/et_pb_section][et_pb_section fb_built=&#8221;1&#8243; admin_label=&#8221;section&#8221; _builder_version=&#8221;4.27.4&#8243; background_color=&#8221;#FFFFFF&#8221; custom_padding=&#8221;||||false|false&#8221; transparent_background=&#8221;on&#8221; make_fullwidth=&#8221;off&#8221; use_custom_width=&#8221;off&#8221; width_unit=&#8221;off&#8221; custom_width_px=&#8221;1080px&#8221; custom_width_percent=&#8221;80%&#8221; locked=&#8221;off&#8221; global_colors_info=&#8221;{}&#8221;][et_pb_row admin_label=&#8221;row&#8221; _builder_version=&#8221;4.27.4&#8243; background_size=&#8221;initial&#8221; background_position=&#8221;top_left&#8221; background_repeat=&#8221;repeat&#8221; custom_padding=&#8221;||||false|false&#8221; make_fullwidth=&#8221;off&#8221; use_custom_width=&#8221;off&#8221; width_unit=&#8221;off&#8221; custom_width_px=&#8221;1080px&#8221; custom_width_percent=&#8221;80%&#8221; global_colors_info=&#8221;{}&#8221;][et_pb_column type=&#8221;4_4&#8243; _builder_version=&#8221;4.16&#8243; custom_padding=&#8221;|||&#8221; global_colors_info=&#8221;{}&#8221; custom_padding__hover=&#8221;|||&#8221;][et_pb_heading title=&#8221;Kor\u00e1bbi munk\u00e1ink&#8221; _builder_version=&#8221;4.27.4&#8243; _module_preset=&#8221;default&#8221; title_font=&#8221;|||on|||||&#8221; title_text_align=&#8221;center&#8221; title_text_color=&#8221;#0F4C5C&#8221; locked=&#8221;off&#8221; global_colors_info=&#8221;{}&#8221;][\/et_pb_heading][et_pb_gallery gallery_ids=&#8221;31880,31881,31882,31886,31885,31884,31883,31887,31876,31877,31890,31889,31878,31879,31888&#8243; posts_number=&#8221;100&#8243; show_title_and_caption=&#8221;off&#8221; show_pagination=&#8221;off&#8221; hover_overlay_color=&#8221;RGBA(255,255,255,0)&#8221; hover_icon=&#8221;&#x54;||divi||400&#8243; _builder_version=&#8221;4.27.4&#8243; _module_preset=&#8221;default&#8221; hover_enabled=&#8221;0&#8243; locked=&#8221;off&#8221; global_colors_info=&#8221;{}&#8221; sticky_enabled=&#8221;0&#8243;][\/et_pb_gallery][\/et_pb_column][\/et_pb_row][\/et_pb_section][et_pb_section fb_built=&#8221;1&#8243; _builder_version=&#8221;4.27.4&#8243; _module_preset=&#8221;default&#8221; custom_margin=&#8221;0px|0px|0px|0px|false|false&#8221; custom_padding=&#8221;0px|0px|0px|0px|false|false&#8221; locked=&#8221;off&#8221; global_colors_info=&#8221;{}&#8221;][et_pb_row _builder_version=&#8221;4.27.4&#8243; _module_preset=&#8221;default&#8221; global_colors_info=&#8221;{}&#8221;][et_pb_column type=&#8221;4_4&#8243; _builder_version=&#8221;4.27.4&#8243; _module_preset=&#8221;default&#8221; global_colors_info=&#8221;{}&#8221;][et_pb_divider show_divider=&#8221;off&#8221; _builder_version=&#8221;4.27.4&#8243; _module_preset=&#8221;default&#8221; min_height=&#8221;65px&#8221; height=&#8221;65px&#8221; max_height=&#8221;65px&#8221; global_colors_info=&#8221;{}&#8221;][\/et_pb_divider][\/et_pb_column][\/et_pb_row][\/et_pb_section]<\/p>\n","protected":false},"excerpt":{"rendered":"<p>Meleg f\u00f6ldsz\u00ednek \u00e9s modern elegancia \u2013 a Black, Smoke, Mocca kollekci\u00f3 a karakteres, st\u00edlusos megjelen\u00e9s \u00faj dimenzi\u00f3j\u00e1t k\u00edn\u00e1lja. Ezek a gy\u0171r\u0171k azoknak sz\u00f3lnak, akik szeretik a k\u00fcl\u00f6nleges, term\u00e9szetk\u00f6zeli \u00e1rnyalatokat, \u00e9s b\u00e1tran elt\u00e9rnek a hagyom\u00e1nyost\u00f3l. Minden darab alapja 14 kar\u00e1tos arany, amelyre a k\u00fcl\u00f6nleges d\u00edsz\u00edt\u00e9sek ker\u00fclnek.A Mocca gy\u0171r\u0171k meleg, barna \u00e1rnyalat\u00e1t gondosan kezelt fel\u00fclet adja, amely [&hellip;]<\/p>\n","protected":false},"author":1,"featured_media":0,"parent":0,"menu_order":0,"comment_status":"closed","ping_status":"closed","template":"","meta":{"_et_pb_use_builder":"on","_et_pb_old_content":"","_et_gb_content_width":"","footnotes":""},"class_list":["post-31342","page","type-page","status-publish","hentry"],"yoast_head":"<!-- This site is optimized with the Yoast SEO plugin v27.0 - https:\/\/yoast.com\/product\/yoast-seo-wordpress\/ -->\n<title>Crico Mocca - Crico<\/title>\n<meta name=\"robots\" content=\"index, follow, max-snippet:-1, max-image-preview:large, max-video-preview:-1\" \/>\n<link rel=\"canonical\" href=\"https:\/\/cricoekszer.hu\/index.php\/crico-mocca\/\" \/>\n<meta property=\"og:locale\" content=\"hu_HU\" \/>\n<meta property=\"og:type\" content=\"article\" \/>\n<meta property=\"og:title\" content=\"Crico Mocca - Crico\" \/>\n<meta property=\"og:description\" content=\"Meleg f\u00f6ldsz\u00ednek \u00e9s modern elegancia \u2013 a Black, Smoke, Mocca kollekci\u00f3 a karakteres, st\u00edlusos megjelen\u00e9s \u00faj dimenzi\u00f3j\u00e1t k\u00edn\u00e1lja. Ezek a gy\u0171r\u0171k azoknak sz\u00f3lnak, akik szeretik a k\u00fcl\u00f6nleges, term\u00e9szetk\u00f6zeli \u00e1rnyalatokat, \u00e9s b\u00e1tran elt\u00e9rnek a hagyom\u00e1nyost\u00f3l. Minden darab alapja 14 kar\u00e1tos arany, amelyre a k\u00fcl\u00f6nleges d\u00edsz\u00edt\u00e9sek ker\u00fclnek.A Mocca gy\u0171r\u0171k meleg, barna \u00e1rnyalat\u00e1t gondosan kezelt fel\u00fclet adja, amely [&hellip;]\" \/>\n<meta property=\"og:url\" content=\"https:\/\/cricoekszer.hu\/index.php\/crico-mocca\/\" \/>\n<meta property=\"og:site_name\" content=\"Crico\" \/>\n<meta property=\"article:publisher\" content=\"https:\/\/www.facebook.com\/cricojewelry\" \/>\n<meta property=\"article:modified_time\" content=\"2025-12-03T10:17:24+00:00\" \/>\n<meta property=\"og:image\" content=\"https:\/\/cricoekszer.hu\/wp-content\/uploads\/2017\/02\/Crico-logo_vastagabb-feh\u00e9r-kerettel_h\u00e1tt\u00e9r-n\u00e9lk\u00fcl_20-kicsi.png\" \/>\n\t<meta property=\"og:image:width\" content=\"454\" \/>\n\t<meta property=\"og:image:height\" content=\"454\" \/>\n\t<meta property=\"og:image:type\" content=\"image\/png\" \/>\n<meta name=\"twitter:card\" content=\"summary_large_image\" \/>\n<meta name=\"twitter:label1\" content=\"Becs\u00fclt olvas\u00e1si id\u0151\" \/>\n\t<meta name=\"twitter:data1\" content=\"6 perc\" \/>\n<script type=\"application\/ld+json\" class=\"yoast-schema-graph\">{\"@context\":\"https:\/\/schema.org\",\"@graph\":[{\"@type\":\"WebPage\",\"@id\":\"https:\/\/cricoekszer.hu\/index.php\/crico-mocca\/\",\"url\":\"https:\/\/cricoekszer.hu\/index.php\/crico-mocca\/\",\"name\":\"Crico Mocca - Crico\",\"isPartOf\":{\"@id\":\"https:\/\/cricoekszer.hu\/#website\"},\"datePublished\":\"2025-09-27T13:08:30+00:00\",\"dateModified\":\"2025-12-03T10:17:24+00:00\",\"breadcrumb\":{\"@id\":\"https:\/\/cricoekszer.hu\/index.php\/crico-mocca\/#breadcrumb\"},\"inLanguage\":\"hu\",\"potentialAction\":[{\"@type\":\"ReadAction\",\"target\":[\"https:\/\/cricoekszer.hu\/index.php\/crico-mocca\/\"]}]},{\"@type\":\"BreadcrumbList\",\"@id\":\"https:\/\/cricoekszer.hu\/index.php\/crico-mocca\/#breadcrumb\",\"itemListElement\":[{\"@type\":\"ListItem\",\"position\":1,\"name\":\"Kezd\u0151lap\",\"item\":\"https:\/\/cricoekszer.hu\/\"},{\"@type\":\"ListItem\",\"position\":2,\"name\":\"Crico Mocca\"}]},{\"@type\":\"WebSite\",\"@id\":\"https:\/\/cricoekszer.hu\/#website\",\"url\":\"https:\/\/cricoekszer.hu\/\",\"name\":\"Crico\",\"description\":\"Egyedi gy\u00e9m\u00e1nt gy\u0171r\u0171k\",\"publisher\":{\"@id\":\"https:\/\/cricoekszer.hu\/#organization\"},\"potentialAction\":[{\"@type\":\"SearchAction\",\"target\":{\"@type\":\"EntryPoint\",\"urlTemplate\":\"https:\/\/cricoekszer.hu\/?s={search_term_string}\"},\"query-input\":{\"@type\":\"PropertyValueSpecification\",\"valueRequired\":true,\"valueName\":\"search_term_string\"}}],\"inLanguage\":\"hu\"},{\"@type\":\"Organization\",\"@id\":\"https:\/\/cricoekszer.hu\/#organization\",\"name\":\"CRICO \u00c9kszer\",\"url\":\"https:\/\/cricoekszer.hu\/\",\"logo\":{\"@type\":\"ImageObject\",\"inLanguage\":\"hu\",\"@id\":\"https:\/\/cricoekszer.hu\/#\/schema\/logo\/image\/\",\"url\":\"https:\/\/cricoekszer.hu\/wp-content\/uploads\/2017\/02\/Crico-logo_vastagabb-feh\u00e9r-kerettel_h\u00e1tt\u00e9r-n\u00e9lk\u00fcl_20-kicsi.png\",\"contentUrl\":\"https:\/\/cricoekszer.hu\/wp-content\/uploads\/2017\/02\/Crico-logo_vastagabb-feh\u00e9r-kerettel_h\u00e1tt\u00e9r-n\u00e9lk\u00fcl_20-kicsi.png\",\"width\":454,\"height\":454,\"caption\":\"CRICO \u00c9kszer\"},\"image\":{\"@id\":\"https:\/\/cricoekszer.hu\/#\/schema\/logo\/image\/\"},\"sameAs\":[\"https:\/\/www.facebook.com\/cricojewelry\"]}]}<\/script>\n<!-- \/ Yoast SEO plugin. -->","yoast_head_json":{"title":"Crico Mocca - Crico","robots":{"index":"index","follow":"follow","max-snippet":"max-snippet:-1","max-image-preview":"max-image-preview:large","max-video-preview":"max-video-preview:-1"},"canonical":"https:\/\/cricoekszer.hu\/index.php\/crico-mocca\/","og_locale":"hu_HU","og_type":"article","og_title":"Crico Mocca - Crico","og_description":"Meleg f\u00f6ldsz\u00ednek \u00e9s modern elegancia \u2013 a Black, Smoke, Mocca kollekci\u00f3 a karakteres, st\u00edlusos megjelen\u00e9s \u00faj dimenzi\u00f3j\u00e1t k\u00edn\u00e1lja. Ezek a gy\u0171r\u0171k azoknak sz\u00f3lnak, akik szeretik a k\u00fcl\u00f6nleges, term\u00e9szetk\u00f6zeli \u00e1rnyalatokat, \u00e9s b\u00e1tran elt\u00e9rnek a hagyom\u00e1nyost\u00f3l. Minden darab alapja 14 kar\u00e1tos arany, amelyre a k\u00fcl\u00f6nleges d\u00edsz\u00edt\u00e9sek ker\u00fclnek.A Mocca gy\u0171r\u0171k meleg, barna \u00e1rnyalat\u00e1t gondosan kezelt fel\u00fclet adja, amely [&hellip;]","og_url":"https:\/\/cricoekszer.hu\/index.php\/crico-mocca\/","og_site_name":"Crico","article_publisher":"https:\/\/www.facebook.com\/cricojewelry","article_modified_time":"2025-12-03T10:17:24+00:00","og_image":[{"width":454,"height":454,"url":"https:\/\/cricoekszer.hu\/wp-content\/uploads\/2017\/02\/Crico-logo_vastagabb-feh\u00e9r-kerettel_h\u00e1tt\u00e9r-n\u00e9lk\u00fcl_20-kicsi.png","type":"image\/png"}],"twitter_card":"summary_large_image","twitter_misc":{"Becs\u00fclt olvas\u00e1si id\u0151":"6 perc"},"schema":{"@context":"https:\/\/schema.org","@graph":[{"@type":"WebPage","@id":"https:\/\/cricoekszer.hu\/index.php\/crico-mocca\/","url":"https:\/\/cricoekszer.hu\/index.php\/crico-mocca\/","name":"Crico Mocca - Crico","isPartOf":{"@id":"https:\/\/cricoekszer.hu\/#website"},"datePublished":"2025-09-27T13:08:30+00:00","dateModified":"2025-12-03T10:17:24+00:00","breadcrumb":{"@id":"https:\/\/cricoekszer.hu\/index.php\/crico-mocca\/#breadcrumb"},"inLanguage":"hu","potentialAction":[{"@type":"ReadAction","target":["https:\/\/cricoekszer.hu\/index.php\/crico-mocca\/"]}]},{"@type":"BreadcrumbList","@id":"https:\/\/cricoekszer.hu\/index.php\/crico-mocca\/#breadcrumb","itemListElement":[{"@type":"ListItem","position":1,"name":"Kezd\u0151lap","item":"https:\/\/cricoekszer.hu\/"},{"@type":"ListItem","position":2,"name":"Crico Mocca"}]},{"@type":"WebSite","@id":"https:\/\/cricoekszer.hu\/#website","url":"https:\/\/cricoekszer.hu\/","name":"Crico","description":"Egyedi gy\u00e9m\u00e1nt gy\u0171r\u0171k","publisher":{"@id":"https:\/\/cricoekszer.hu\/#organization"},"potentialAction":[{"@type":"SearchAction","target":{"@type":"EntryPoint","urlTemplate":"https:\/\/cricoekszer.hu\/?s={search_term_string}"},"query-input":{"@type":"PropertyValueSpecification","valueRequired":true,"valueName":"search_term_string"}}],"inLanguage":"hu"},{"@type":"Organization","@id":"https:\/\/cricoekszer.hu\/#organization","name":"CRICO \u00c9kszer","url":"https:\/\/cricoekszer.hu\/","logo":{"@type":"ImageObject","inLanguage":"hu","@id":"https:\/\/cricoekszer.hu\/#\/schema\/logo\/image\/","url":"https:\/\/cricoekszer.hu\/wp-content\/uploads\/2017\/02\/Crico-logo_vastagabb-feh\u00e9r-kerettel_h\u00e1tt\u00e9r-n\u00e9lk\u00fcl_20-kicsi.png","contentUrl":"https:\/\/cricoekszer.hu\/wp-content\/uploads\/2017\/02\/Crico-logo_vastagabb-feh\u00e9r-kerettel_h\u00e1tt\u00e9r-n\u00e9lk\u00fcl_20-kicsi.png","width":454,"height":454,"caption":"CRICO \u00c9kszer"},"image":{"@id":"https:\/\/cricoekszer.hu\/#\/schema\/logo\/image\/"},"sameAs":["https:\/\/www.facebook.com\/cricojewelry"]}]}},"_links":{"self":[{"href":"https:\/\/cricoekszer.hu\/index.php\/wp-json\/wp\/v2\/pages\/31342","targetHints":{"allow":["GET"]}}],"collection":[{"href":"https:\/\/cricoekszer.hu\/index.php\/wp-json\/wp\/v2\/pages"}],"about":[{"href":"https:\/\/cricoekszer.hu\/index.php\/wp-json\/wp\/v2\/types\/page"}],"author":[{"embeddable":true,"href":"https:\/\/cricoekszer.hu\/index.php\/wp-json\/wp\/v2\/users\/1"}],"replies":[{"embeddable":true,"href":"https:\/\/cricoekszer.hu\/index.php\/wp-json\/wp\/v2\/comments?post=31342"}],"version-history":[{"count":11,"href":"https:\/\/cricoekszer.hu\/index.php\/wp-json\/wp\/v2\/pages\/31342\/revisions"}],"predecessor-version":[{"id":32341,"href":"https:\/\/cricoekszer.hu\/index.php\/wp-json\/wp\/v2\/pages\/31342\/revisions\/32341"}],"wp:attachment":[{"href":"https:\/\/cricoekszer.hu\/index.php\/wp-json\/wp\/v2\/media?parent=31342"}],"curies":[{"name":"wp","href":"https:\/\/api.w.org\/{rel}","templated":true}]}}