{"id":29697,"date":"2018-12-06T13:16:19","date_gmt":"2018-12-06T12:16:19","guid":{"rendered":"http:\/\/cricoekszer.hu\/?page_id=29697"},"modified":"2026-02-26T12:52:00","modified_gmt":"2026-02-26T11:52:00","slug":"crico-black","status":"publish","type":"page","link":"https:\/\/cricoekszer.hu\/index.php\/crico-black\/","title":{"rendered":"Crico Black"},"content":{"rendered":"<p>[et_pb_section fb_built=&#8221;1&#8243; admin_label=&#8221;section&#8221; _builder_version=&#8221;4.27.4&#8243; background_color=&#8221;#FFFFFF&#8221; custom_padding=&#8221;||||false|false&#8221; transparent_background=&#8221;on&#8221; make_fullwidth=&#8221;off&#8221; use_custom_width=&#8221;off&#8221; width_unit=&#8221;off&#8221; custom_width_px=&#8221;1080px&#8221; custom_width_percent=&#8221;80%&#8221; locked=&#8221;off&#8221; global_colors_info=&#8221;{}&#8221;][et_pb_row admin_label=&#8221;row&#8221; _builder_version=&#8221;4.27.4&#8243; background_size=&#8221;initial&#8221; background_position=&#8221;top_left&#8221; background_repeat=&#8221;repeat&#8221; custom_padding=&#8221;||||false|false&#8221; make_fullwidth=&#8221;off&#8221; use_custom_width=&#8221;off&#8221; width_unit=&#8221;off&#8221; custom_width_px=&#8221;1080px&#8221; custom_width_percent=&#8221;80%&#8221; global_colors_info=&#8221;{}&#8221;][et_pb_column type=&#8221;4_4&#8243; _builder_version=&#8221;4.16&#8243; custom_padding=&#8221;|||&#8221; global_colors_info=&#8221;{}&#8221; custom_padding__hover=&#8221;|||&#8221;][et_pb_heading title=&#8221;Crico Black&#8221; _builder_version=&#8221;4.27.4&#8243; _module_preset=&#8221;default&#8221; title_font=&#8221;|||on|||||&#8221; title_text_align=&#8221;center&#8221; title_text_color=&#8221;#0F4C5C&#8221; locked=&#8221;off&#8221; global_colors_info=&#8221;{}&#8221;][\/et_pb_heading][et_pb_text admin_label=&#8221;Sz\u00f6veg&#8221; _builder_version=&#8221;4.27.4&#8243; text_text_color=&#8221;#000000&#8243; header_text_align=&#8221;center&#8221; background_color=&#8221;RGBA(255,255,255,0)&#8221; background_size=&#8221;initial&#8221; background_position=&#8221;top_left&#8221; background_repeat=&#8221;repeat&#8221; text_orientation=&#8221;justified&#8221; use_border_color=&#8221;off&#8221; border_style=&#8221;solid&#8221; locked=&#8221;off&#8221; global_colors_info=&#8221;{}&#8221;]<\/p>\n<p data-start=\"344\" data-end=\"467\">Mer\u00e9sz \u00e1rnyalatok \u00e9s modern luxus \u2013 a <strong>Black, Smoke, Mocca kollekci\u00f3<\/strong> a vag\u00e1ny \u00e9s st\u00edlusos megjelen\u00e9s \u00faj dimenzi\u00f3j\u00e1t k\u00edn\u00e1lja.<\/p>\n<p data-start=\"469\" data-end=\"1033\">Ezek a gy\u0171r\u0171k azoknak sz\u00f3lnak, akik szeretik a k\u00fcl\u00f6nleges, rendhagy\u00f3 megold\u00e1sokat, \u00e9s b\u00e1tran elt\u00e9rnek a hagyom\u00e1nyost\u00f3l. Minden darab <strong>alapja 14 kar\u00e1tos arany, amelyre a k\u00fcl\u00f6nleges d\u00edsz\u00edt\u00e9sek ker\u00fclnek<\/strong>.<br data-start=\"668\" data-end=\"671\" \/>A <strong>Black gy\u0171r\u0171k m\u00e9ly, karakteres fekete \u00e1rnyalat\u00e1t egy speci\u00e1lis fel\u00fcletkezel\u00e9s adja, amely kiv\u00e9telesen tart\u00f3s \u00e9s karc\u00e1ll\u00f3.<\/strong> Hasonl\u00f3 technol\u00f3gi\u00e1t alkalmaznak a pr\u00e9mium \u00f3ragy\u00e1rt\u00e1sban, sport- \u00e9s luxuskieg\u00e9sz\u00edt\u0151k fel\u00fcletkezel\u00e9s\u00e9n\u00e9l, valamint nagy ig\u00e9nybev\u00e9telnek kitett prec\u00edzi\u00f3s eszk\u00f6z\u00f6kn\u00e9l is \u2013 \u00edgy a fekete d\u00edsz\u00edt\u00e9s nemcsak l\u00e1tv\u00e1nyos, hanem <strong>rendk\u00edv\u00fcl ellen\u00e1ll\u00f3<\/strong> is.<\/p>\n<p data-start=\"469\" data-end=\"1033\">A fekete gy\u0171r\u0171 nem kompromisszum: egy tudatos, hat\u00e1rozott v\u00e1laszt\u00e1s, amely karaktert \u00e9s er\u0151t sug\u00e1roz.<\/p>\n<p data-start=\"1337\" data-end=\"1649\">A kollekci\u00f3 egyik legnagyobb el\u0151nye, hogy a gy\u0171r\u0171p\u00e1rokat teljesen szabadon lehet kombin\u00e1lni. Egy f\u00e9rfi gy\u0171r\u0171 lehet fekete, sz\u00fcrke vagy barna d\u00edsz\u00edt\u00e9ses, m\u00edg a menyasszony gy\u0171r\u0171j\u00e9nek v\u00e1laszthat\u00f3 ak\u00e1r egy klasszikus gy\u00e9m\u00e1nt sork\u00f6ves darab is \u2013 \u00edgy minden p\u00e1r megtal\u00e1lhatja a saj\u00e1t st\u00edlus\u00e1hoz ill\u0151 harm\u00f3ni\u00e1t vagy izgalmas kontrasztot.<\/p>\n<p data-start=\"1651\" data-end=\"1927\">A <strong>Black, Smoke, Mocca gy\u0171r\u0171k pr\u00e9mium min\u0151s\u00e9gben k\u00e9sz\u00fclnek<\/strong>, egyszerre sug\u00e1roznak modern er\u0151t, egyedis\u00e9get \u00e9s kifinomult st\u00edlust.<br data-start=\"1778\" data-end=\"1781\" \/>Ide\u00e1lis v\u00e1laszt\u00e1s mindazoknak, akik olyan karikagy\u0171r\u0171t keresnek, amely val\u00f3ban kifejezi szem\u00e9lyis\u00e9g\u00fcket \u00e9s k\u00fcl\u00f6nleges megjelen\u00e9s ir\u00e1nti ig\u00e9ny\u00fcket.<\/p>\n<p>[\/et_pb_text][et_pb_gallery gallery_ids=&#8221;31245,31246,31247,31248,31249,31250,31251,31252,31253,31254,31255,31256,31257,31258,31259,31260,31261,31262,31263,31264,31265,31266,31267,31269,31270,31271,31273,31274,31275,31276,31277,31278,31279,31280,31281,31282,31283,31284,31285,31286,31287,31288,31289,31290,31291,31292,31293,31294,31295,31296,31297,31298,31299,31300,31301,31302,31303,31304,31305,31306,31307,31308,31309,32362&#8243; posts_number=&#8221;100&#8243; show_title_and_caption=&#8221;off&#8221; show_pagination=&#8221;off&#8221; hover_overlay_color=&#8221;RGBA(255,255,255,0)&#8221; hover_icon=&#8221;&#x54;||divi||400&#8243; _builder_version=&#8221;4.27.5&#8243; _module_preset=&#8221;default&#8221; hover_enabled=&#8221;0&#8243; global_colors_info=&#8221;{}&#8221; sticky_enabled=&#8221;0&#8243;][\/et_pb_gallery][\/et_pb_column][\/et_pb_row][\/et_pb_section][et_pb_section fb_built=&#8221;1&#8243; admin_label=&#8221;section&#8221; _builder_version=&#8221;4.27.4&#8243; background_color=&#8221;#FFFFFF&#8221; custom_margin=&#8221;||90px|||&#8221; custom_padding=&#8221;||||false|false&#8221; transparent_background=&#8221;on&#8221; make_fullwidth=&#8221;off&#8221; use_custom_width=&#8221;off&#8221; width_unit=&#8221;off&#8221; custom_width_px=&#8221;1080px&#8221; custom_width_percent=&#8221;80%&#8221; locked=&#8221;off&#8221; global_colors_info=&#8221;{}&#8221;][et_pb_row admin_label=&#8221;row&#8221; _builder_version=&#8221;4.27.4&#8243; background_size=&#8221;initial&#8221; background_position=&#8221;top_left&#8221; background_repeat=&#8221;repeat&#8221; custom_padding=&#8221;||||false|false&#8221; make_fullwidth=&#8221;off&#8221; use_custom_width=&#8221;off&#8221; width_unit=&#8221;off&#8221; custom_width_px=&#8221;1080px&#8221; custom_width_percent=&#8221;80%&#8221; global_colors_info=&#8221;{}&#8221;][et_pb_column type=&#8221;4_4&#8243; _builder_version=&#8221;4.16&#8243; custom_padding=&#8221;|||&#8221; global_colors_info=&#8221;{}&#8221; custom_padding__hover=&#8221;|||&#8221;][et_pb_heading title=&#8221;Kor\u00e1bbi munk\u00e1ink&#8221; _builder_version=&#8221;4.27.4&#8243; _module_preset=&#8221;default&#8221; title_font=&#8221;|||on|||||&#8221; title_text_align=&#8221;center&#8221; title_text_color=&#8221;#0F4C5C&#8221; locked=&#8221;off&#8221; global_colors_info=&#8221;{}&#8221;][\/et_pb_heading][et_pb_gallery gallery_ids=&#8221;31728,31722,31721,31726,31727,31724,31723,31725,31731,31733,31729,31734,31737,31739,31735,31736,31746,31743,31745,31742,31749,31747,31751,31748,31753,31755,31757,31756,31765,31764,31770,31769,31778,31779,31858,31854,31787,31853,31851,31857,31801,31800,31863,31864,31802,31803,31805,31841,31804,31872,31806,31846,31819,31820,31818,31812,31811,31810,31809,31808,31813,31814,31821,31867,31815,31816,31826,31828,31831,31829,31832,31830,31839,31837,31845,31844,31842,31843,31855,31856,31848,31772,31852,31859,31834,31835,31861,31862,31865,31866,31868,31838,31870,31871,31873,31874,31760,31759,31782,31783,31796,31795,31794,31767,31768,31766&#8243; posts_number=&#8221;120&#8243; show_title_and_caption=&#8221;off&#8221; show_pagination=&#8221;off&#8221; hover_overlay_color=&#8221;RGBA(255,255,255,0)&#8221; hover_icon=&#8221;&#x54;||divi||400&#8243; _builder_version=&#8221;4.27.4&#8243; _module_preset=&#8221;default&#8221; global_colors_info=&#8221;{}&#8221;][\/et_pb_gallery][\/et_pb_column][\/et_pb_row][\/et_pb_section][et_pb_section fb_built=&#8221;1&#8243; _builder_version=&#8221;4.27.4&#8243; _module_preset=&#8221;default&#8221; custom_margin=&#8221;0px|0px|0px|0px|false|false&#8221; custom_padding=&#8221;0px|0px|0px|0px|false|false&#8221; locked=&#8221;off&#8221; global_colors_info=&#8221;{}&#8221;][et_pb_row _builder_version=&#8221;4.27.4&#8243; _module_preset=&#8221;default&#8221; global_colors_info=&#8221;{}&#8221;][et_pb_column type=&#8221;4_4&#8243; _builder_version=&#8221;4.27.4&#8243; _module_preset=&#8221;default&#8221; global_colors_info=&#8221;{}&#8221;][et_pb_divider show_divider=&#8221;off&#8221; _builder_version=&#8221;4.27.4&#8243; _module_preset=&#8221;default&#8221; min_height=&#8221;65px&#8221; height=&#8221;65px&#8221; max_height=&#8221;65px&#8221; global_colors_info=&#8221;{}&#8221;][\/et_pb_divider][\/et_pb_column][\/et_pb_row][\/et_pb_section]<\/p>\n","protected":false},"excerpt":{"rendered":"<p>Mer\u00e9sz \u00e1rnyalatok \u00e9s modern luxus \u2013 a Black, Smoke, Mocca kollekci\u00f3 a vag\u00e1ny \u00e9s st\u00edlusos megjelen\u00e9s \u00faj dimenzi\u00f3j\u00e1t k\u00edn\u00e1lja. Ezek a gy\u0171r\u0171k azoknak sz\u00f3lnak, akik szeretik a k\u00fcl\u00f6nleges, rendhagy\u00f3 megold\u00e1sokat, \u00e9s b\u00e1tran elt\u00e9rnek a hagyom\u00e1nyost\u00f3l. Minden darab alapja 14 kar\u00e1tos arany, amelyre a k\u00fcl\u00f6nleges d\u00edsz\u00edt\u00e9sek ker\u00fclnek.A Black gy\u0171r\u0171k m\u00e9ly, karakteres fekete \u00e1rnyalat\u00e1t egy speci\u00e1lis fel\u00fcletkezel\u00e9s [&hellip;]<\/p>\n","protected":false},"author":1,"featured_media":0,"parent":0,"menu_order":0,"comment_status":"closed","ping_status":"closed","template":"","meta":{"_et_pb_use_builder":"on","_et_pb_old_content":"","_et_gb_content_width":"","footnotes":""},"class_list":["post-29697","page","type-page","status-publish","hentry"],"yoast_head":"<!-- This site is optimized with the Yoast SEO plugin v27.0 - https:\/\/yoast.com\/product\/yoast-seo-wordpress\/ -->\n<title>Crico Black - Crico<\/title>\n<meta name=\"robots\" content=\"index, follow, max-snippet:-1, max-image-preview:large, max-video-preview:-1\" \/>\n<link rel=\"canonical\" href=\"https:\/\/cricoekszer.hu\/index.php\/crico-black\/\" \/>\n<meta property=\"og:locale\" content=\"hu_HU\" \/>\n<meta property=\"og:type\" content=\"article\" \/>\n<meta property=\"og:title\" content=\"Crico Black - Crico\" \/>\n<meta property=\"og:description\" content=\"Mer\u00e9sz \u00e1rnyalatok \u00e9s modern luxus \u2013 a Black, Smoke, Mocca kollekci\u00f3 a vag\u00e1ny \u00e9s st\u00edlusos megjelen\u00e9s \u00faj dimenzi\u00f3j\u00e1t k\u00edn\u00e1lja. Ezek a gy\u0171r\u0171k azoknak sz\u00f3lnak, akik szeretik a k\u00fcl\u00f6nleges, rendhagy\u00f3 megold\u00e1sokat, \u00e9s b\u00e1tran elt\u00e9rnek a hagyom\u00e1nyost\u00f3l. Minden darab alapja 14 kar\u00e1tos arany, amelyre a k\u00fcl\u00f6nleges d\u00edsz\u00edt\u00e9sek ker\u00fclnek.A Black gy\u0171r\u0171k m\u00e9ly, karakteres fekete \u00e1rnyalat\u00e1t egy speci\u00e1lis fel\u00fcletkezel\u00e9s [&hellip;]\" \/>\n<meta property=\"og:url\" content=\"https:\/\/cricoekszer.hu\/index.php\/crico-black\/\" \/>\n<meta property=\"og:site_name\" content=\"Crico\" \/>\n<meta property=\"article:publisher\" content=\"https:\/\/www.facebook.com\/cricojewelry\" \/>\n<meta property=\"article:modified_time\" content=\"2026-02-26T11:52:00+00:00\" \/>\n<meta property=\"og:image\" content=\"https:\/\/cricoekszer.hu\/wp-content\/uploads\/2017\/02\/Crico-logo_vastagabb-feh\u00e9r-kerettel_h\u00e1tt\u00e9r-n\u00e9lk\u00fcl_20-kicsi.png\" \/>\n\t<meta property=\"og:image:width\" content=\"454\" \/>\n\t<meta property=\"og:image:height\" content=\"454\" \/>\n\t<meta property=\"og:image:type\" content=\"image\/png\" \/>\n<meta name=\"twitter:card\" content=\"summary_large_image\" \/>\n<meta name=\"twitter:label1\" content=\"Becs\u00fclt olvas\u00e1si id\u0151\" \/>\n\t<meta name=\"twitter:data1\" content=\"35 perc\" \/>\n<script type=\"application\/ld+json\" class=\"yoast-schema-graph\">{\"@context\":\"https:\/\/schema.org\",\"@graph\":[{\"@type\":\"WebPage\",\"@id\":\"https:\/\/cricoekszer.hu\/index.php\/crico-black\/\",\"url\":\"https:\/\/cricoekszer.hu\/index.php\/crico-black\/\",\"name\":\"Crico Black - Crico\",\"isPartOf\":{\"@id\":\"https:\/\/cricoekszer.hu\/#website\"},\"datePublished\":\"2018-12-06T12:16:19+00:00\",\"dateModified\":\"2026-02-26T11:52:00+00:00\",\"breadcrumb\":{\"@id\":\"https:\/\/cricoekszer.hu\/index.php\/crico-black\/#breadcrumb\"},\"inLanguage\":\"hu\",\"potentialAction\":[{\"@type\":\"ReadAction\",\"target\":[\"https:\/\/cricoekszer.hu\/index.php\/crico-black\/\"]}]},{\"@type\":\"BreadcrumbList\",\"@id\":\"https:\/\/cricoekszer.hu\/index.php\/crico-black\/#breadcrumb\",\"itemListElement\":[{\"@type\":\"ListItem\",\"position\":1,\"name\":\"Kezd\u0151lap\",\"item\":\"https:\/\/cricoekszer.hu\/\"},{\"@type\":\"ListItem\",\"position\":2,\"name\":\"Crico Black\"}]},{\"@type\":\"WebSite\",\"@id\":\"https:\/\/cricoekszer.hu\/#website\",\"url\":\"https:\/\/cricoekszer.hu\/\",\"name\":\"Crico\",\"description\":\"Egyedi gy\u00e9m\u00e1nt gy\u0171r\u0171k\",\"publisher\":{\"@id\":\"https:\/\/cricoekszer.hu\/#organization\"},\"potentialAction\":[{\"@type\":\"SearchAction\",\"target\":{\"@type\":\"EntryPoint\",\"urlTemplate\":\"https:\/\/cricoekszer.hu\/?s={search_term_string}\"},\"query-input\":{\"@type\":\"PropertyValueSpecification\",\"valueRequired\":true,\"valueName\":\"search_term_string\"}}],\"inLanguage\":\"hu\"},{\"@type\":\"Organization\",\"@id\":\"https:\/\/cricoekszer.hu\/#organization\",\"name\":\"CRICO \u00c9kszer\",\"url\":\"https:\/\/cricoekszer.hu\/\",\"logo\":{\"@type\":\"ImageObject\",\"inLanguage\":\"hu\",\"@id\":\"https:\/\/cricoekszer.hu\/#\/schema\/logo\/image\/\",\"url\":\"https:\/\/cricoekszer.hu\/wp-content\/uploads\/2017\/02\/Crico-logo_vastagabb-feh\u00e9r-kerettel_h\u00e1tt\u00e9r-n\u00e9lk\u00fcl_20-kicsi.png\",\"contentUrl\":\"https:\/\/cricoekszer.hu\/wp-content\/uploads\/2017\/02\/Crico-logo_vastagabb-feh\u00e9r-kerettel_h\u00e1tt\u00e9r-n\u00e9lk\u00fcl_20-kicsi.png\",\"width\":454,\"height\":454,\"caption\":\"CRICO \u00c9kszer\"},\"image\":{\"@id\":\"https:\/\/cricoekszer.hu\/#\/schema\/logo\/image\/\"},\"sameAs\":[\"https:\/\/www.facebook.com\/cricojewelry\"]}]}<\/script>\n<!-- \/ Yoast SEO plugin. -->","yoast_head_json":{"title":"Crico Black - Crico","robots":{"index":"index","follow":"follow","max-snippet":"max-snippet:-1","max-image-preview":"max-image-preview:large","max-video-preview":"max-video-preview:-1"},"canonical":"https:\/\/cricoekszer.hu\/index.php\/crico-black\/","og_locale":"hu_HU","og_type":"article","og_title":"Crico Black - Crico","og_description":"Mer\u00e9sz \u00e1rnyalatok \u00e9s modern luxus \u2013 a Black, Smoke, Mocca kollekci\u00f3 a vag\u00e1ny \u00e9s st\u00edlusos megjelen\u00e9s \u00faj dimenzi\u00f3j\u00e1t k\u00edn\u00e1lja. Ezek a gy\u0171r\u0171k azoknak sz\u00f3lnak, akik szeretik a k\u00fcl\u00f6nleges, rendhagy\u00f3 megold\u00e1sokat, \u00e9s b\u00e1tran elt\u00e9rnek a hagyom\u00e1nyost\u00f3l. Minden darab alapja 14 kar\u00e1tos arany, amelyre a k\u00fcl\u00f6nleges d\u00edsz\u00edt\u00e9sek ker\u00fclnek.A Black gy\u0171r\u0171k m\u00e9ly, karakteres fekete \u00e1rnyalat\u00e1t egy speci\u00e1lis fel\u00fcletkezel\u00e9s [&hellip;]","og_url":"https:\/\/cricoekszer.hu\/index.php\/crico-black\/","og_site_name":"Crico","article_publisher":"https:\/\/www.facebook.com\/cricojewelry","article_modified_time":"2026-02-26T11:52:00+00:00","og_image":[{"width":454,"height":454,"url":"https:\/\/cricoekszer.hu\/wp-content\/uploads\/2017\/02\/Crico-logo_vastagabb-feh\u00e9r-kerettel_h\u00e1tt\u00e9r-n\u00e9lk\u00fcl_20-kicsi.png","type":"image\/png"}],"twitter_card":"summary_large_image","twitter_misc":{"Becs\u00fclt olvas\u00e1si id\u0151":"35 perc"},"schema":{"@context":"https:\/\/schema.org","@graph":[{"@type":"WebPage","@id":"https:\/\/cricoekszer.hu\/index.php\/crico-black\/","url":"https:\/\/cricoekszer.hu\/index.php\/crico-black\/","name":"Crico Black - Crico","isPartOf":{"@id":"https:\/\/cricoekszer.hu\/#website"},"datePublished":"2018-12-06T12:16:19+00:00","dateModified":"2026-02-26T11:52:00+00:00","breadcrumb":{"@id":"https:\/\/cricoekszer.hu\/index.php\/crico-black\/#breadcrumb"},"inLanguage":"hu","potentialAction":[{"@type":"ReadAction","target":["https:\/\/cricoekszer.hu\/index.php\/crico-black\/"]}]},{"@type":"BreadcrumbList","@id":"https:\/\/cricoekszer.hu\/index.php\/crico-black\/#breadcrumb","itemListElement":[{"@type":"ListItem","position":1,"name":"Kezd\u0151lap","item":"https:\/\/cricoekszer.hu\/"},{"@type":"ListItem","position":2,"name":"Crico Black"}]},{"@type":"WebSite","@id":"https:\/\/cricoekszer.hu\/#website","url":"https:\/\/cricoekszer.hu\/","name":"Crico","description":"Egyedi gy\u00e9m\u00e1nt gy\u0171r\u0171k","publisher":{"@id":"https:\/\/cricoekszer.hu\/#organization"},"potentialAction":[{"@type":"SearchAction","target":{"@type":"EntryPoint","urlTemplate":"https:\/\/cricoekszer.hu\/?s={search_term_string}"},"query-input":{"@type":"PropertyValueSpecification","valueRequired":true,"valueName":"search_term_string"}}],"inLanguage":"hu"},{"@type":"Organization","@id":"https:\/\/cricoekszer.hu\/#organization","name":"CRICO \u00c9kszer","url":"https:\/\/cricoekszer.hu\/","logo":{"@type":"ImageObject","inLanguage":"hu","@id":"https:\/\/cricoekszer.hu\/#\/schema\/logo\/image\/","url":"https:\/\/cricoekszer.hu\/wp-content\/uploads\/2017\/02\/Crico-logo_vastagabb-feh\u00e9r-kerettel_h\u00e1tt\u00e9r-n\u00e9lk\u00fcl_20-kicsi.png","contentUrl":"https:\/\/cricoekszer.hu\/wp-content\/uploads\/2017\/02\/Crico-logo_vastagabb-feh\u00e9r-kerettel_h\u00e1tt\u00e9r-n\u00e9lk\u00fcl_20-kicsi.png","width":454,"height":454,"caption":"CRICO \u00c9kszer"},"image":{"@id":"https:\/\/cricoekszer.hu\/#\/schema\/logo\/image\/"},"sameAs":["https:\/\/www.facebook.com\/cricojewelry"]}]}},"_links":{"self":[{"href":"https:\/\/cricoekszer.hu\/index.php\/wp-json\/wp\/v2\/pages\/29697","targetHints":{"allow":["GET"]}}],"collection":[{"href":"https:\/\/cricoekszer.hu\/index.php\/wp-json\/wp\/v2\/pages"}],"about":[{"href":"https:\/\/cricoekszer.hu\/index.php\/wp-json\/wp\/v2\/types\/page"}],"author":[{"embeddable":true,"href":"https:\/\/cricoekszer.hu\/index.php\/wp-json\/wp\/v2\/users\/1"}],"replies":[{"embeddable":true,"href":"https:\/\/cricoekszer.hu\/index.php\/wp-json\/wp\/v2\/comments?post=29697"}],"version-history":[{"count":48,"href":"https:\/\/cricoekszer.hu\/index.php\/wp-json\/wp\/v2\/pages\/29697\/revisions"}],"predecessor-version":[{"id":32364,"href":"https:\/\/cricoekszer.hu\/index.php\/wp-json\/wp\/v2\/pages\/29697\/revisions\/32364"}],"wp:attachment":[{"href":"https:\/\/cricoekszer.hu\/index.php\/wp-json\/wp\/v2\/media?parent=29697"}],"curies":[{"name":"wp","href":"https:\/\/api.w.org\/{rel}","templated":true}]}}